or of 637454 and 205442.
278
What is the greatest common factor of 1396424 and 5624?
152
Calculate the highest common factor of 28805 and 1176067.
823
What is the greatest common divisor of 1364827570 and 20?
10
What is the greatest common divisor of 831341 and 25312?
791
Calculate the highest common divisor of 2641 and 26505.
19
What is the highest common divisor of 2711868 and 180?
12
Calculate the greatest common divisor of 410349612 and 1278.
426
What is the highest common factor of 15080803 and 422?
211
What is the highest common divisor of 23574924 and 731916?
9036
Calculate the greatest common divisor of 5730 and 15720.
30
What is the greatest common factor of 14544 and 2697104?
1616
What is the greatest common factor of 528823869 and 777?
777
What is the greatest common divisor of 1229 and 29205956?
1229
What is the highest common factor of 3543 and 2274496167?
3543
Calculate the greatest common divisor of 4640 and 132266912.
928
Calculate the greatest common divisor of 22491378 and 455.
91
Calculate the greatest common divisor of 5532444555 and 13565.
13565
What is the greatest common divisor of 182 and 817014562?
182
What is the highest common factor of 29288096 and 944?
16
What is the highest common divisor of 249 and 11220106?
83
Calculate the greatest common factor of 5956406 and 366.
122
Calculate the greatest common divisor of 14040 and 4966785.
135
Calculate the highest common factor of 170 and 90160010.
170
What is the highest common factor of 755 and 91190?
5
Calculate the highest common factor of 1026720 and 131688.
2232
What is the highest common divisor of 5940 and 89313312?
132
What is the highest common divisor of 42669069 and 697?
41
Calculate the greatest common divisor of 182 and 881146.
14
What is the highest common factor of 1895 and 884600?
5
Calculate the highest common factor of 220 and 801162340.
220
What is the greatest common factor of 19 and 341336197?
19
Calculate the greatest common divisor of 71242 and 2989378.
398
Calculate the highest common divisor of 171 and 249804.
9
What is the greatest common factor of 104 and 80148367?
13
What is the greatest common factor of 25914042 and 114?
6
What is the highest common factor of 108564300 and 1800?
900
Calculate the highest common factor of 34808 and 2221024.
152
Calculate the highest common divisor of 32711846 and 158.
158
Calculate the greatest common divisor of 17324230 and 770.
770
Calculate the highest common divisor of 10 and 16671000.
10
Calculate the greatest common factor of 4705909 and 78.
13
Calculate the greatest common divisor of 7246962 and 172.
86
Calculate the highest common divisor of 1430157 and 12.
3
Calculate the highest common factor of 1070 and 2198422.
214
Calculate the greatest common divisor of 7488 and 1861938.
234
What is the highest common divisor of 4476 and 5893644?
12
Calculate the highest common factor of 2 and 441467478.
2
What is the greatest common divisor of 51592432 and 48?
16
Calculate the highest common divisor of 4 and 424241.
1
Calculate the greatest common factor of 22850 and 1404818.
914
What is the greatest common divisor of 55 and 53512646?
11
What is the greatest common divisor of 4069 and 778310182?
4069
Calculate the greatest common factor of 4057384 and 276.
92
What is the highest common factor of 5253 and 1595058?
309
Calculate the greatest common divisor of 2485 and 109195.
5
What is the highest common divisor of 339565050 and 990?
990
What is the highest common divisor of 44864 and 52600236?
2804
What is the highest common factor of 281616 and 31728?
48
Calculate the greatest common divisor of 1472247 and 105.
21
Calculate the highest common factor of 20650 and 16460.
10
What is the greatest common factor of 96966858 and 8376?
2094
What is the greatest common factor of 2947954 and 54?
2
What is the highest common divisor of 29400 and 8310?
30
What is the highest common factor of 9790 and 6014976?
1958
Calculate the greatest common factor of 902 and 30206.
22
What is the greatest common divisor of 13110 and 150880?
230
Calculate the greatest common divisor of 3990 and 3150938.
14
What is the highest common divisor of 213528 and 3864?
168
Calculate the highest common factor of 83543722 and 2679.
893
Calculate the greatest common divisor of 11 and 26657829.
11
Calculate the greatest common divisor of 102 and 291335358.
102
What is the greatest common factor of 31536 and 1938734?
146
Calculate the highest common divisor of 336 and 43710366.
42
Calculate the highest common divisor of 7861840 and 28.
28
Calculate the highest common divisor of 246 and 401795244.
246
What is the highest common divisor of 27069 and 3486?
21
What is the highest common divisor of 4243070 and 11505?
65
What is the highest common divisor of 67575 and 4425?
75
What is the greatest common divisor of 441220 and 3140?
20
Calculate the highest common factor of 8090 and 12874426.
1618
Calculate the greatest common divisor of 151951980 and 45.
15
What is the highest common divisor of 143 and 1096979?
13
What is the greatest common divisor of 12719025 and 48675?
825
What is the highest common divisor of 3365973 and 169?
169
Calculate the highest common factor of 64 and 141099792.
16
What is the highest common factor of 13643537 and 1343?
1343
What is the highest common factor of 336 and 139960800?
336
Calculate the greatest common divisor of 20 and 1098892.
4
Calculate the greatest common divisor of 444 and 2482108.
148
What is the greatest common factor of 164110087 and 19?
19
Calculate the greatest common divisor of 964 and 30405524.
964
Calculate the greatest common divisor of 1745163 and 336.
21
What is the highest common divisor of 762 and 1862538?
6
Calculate the greatest common divisor of 2537859 and 102131.
1927
Calculate the highest common divisor of 321178 and 2746858.
2246
What is the greatest common factor of 12353 and 118129?
11
Calculate the greatest common factor of 63 and 25857.
9
What is the greatest common divisor of 60550923 and 10965?
2193
Calculate the greatest common divisor of 9822797 and 32023.
1033
Calculate the greatest common divisor of 10447 and 619069.
337
What is the highest common factor of 3094387 and 14848?
29
What is the greatest common factor of 41839199 and 348?
29
Calculate the greatest common factor of 2654224 and 11248.
304
Calculate the highest common factor of 195264 and 4294.
226
What is the greatest common factor of 245410 and 135410?
110
Calculate the highest common factor of 22318873 and 10475.
419
What is the highest common divisor of 8026550 and 165410?
1190
Calculate the greatest common factor of 23463 and 91868073.
2607
Calculate the greatest common factor of 17539988 and 2312.
1156
Calculate the greatest common factor of 155 and 72917487.
31
What is the highest common divisor of 330075 and 4017600?
2025
What is the highest common divisor of 135515360 and 24940?
860
What is the greatest common factor of 12410 and 22610290?
730
Calculate the highest common factor of 4188 and 1757556.
12
Calculate the highest common factor of 70811 and 64727.
169
What is the greatest common factor of 17675219 and 3314?
1657
What is the greatest common factor of 1106 and 66296146?
14
What is the highest common factor of 15924756 and 48?
12
Calculate the greatest common factor of 1466714 and 4.
2
What is the highest common factor of 2761168 and 48?
16
What is the greatest common divisor of 300 and 8073135?
15
What is the highest common divisor of 9094312 and 72200?
2888
Calculate the highest common divisor of 30 and 363280250.
10
What is the highest common divisor of 28630 and 15449?
7
Calculate the greatest common divisor of 1361011306 and 3914.
3914
Calculate the greatest common divisor of 190550 and 11470.
370
Calculate the greatest common factor of 94979714 and 446.
446
What is the highest common factor of 465012 and 36?
36
Calculate the highest common factor of 269389435 and 105.
35
Calculate the greatest common divisor of 665550 and 168200.
1450
Calculate the highest common factor of 339 and 809377868.
113
Calculate the greatest common factor of 6919728 and 144.
48
What is the highest common divisor of 10721934 and 2142?
306
What is the highest common divisor of 5 and 3805280?
5
What is the highest common divi